 6 + -9 + -5 + -1 + 3 + -1.
-7
Evaluate 17 + -4 - (5 - 5).
13
What is 283 + -262 - (-1 - -27)?
-5
What is the value of (8 - (-12 - (5 - 11))) + (5 - 2)?
17
What is the value of (20 - 2 - 20) + 8?
6
10 + -31 + 6 + 3
-12
Calculate 3 - (-5 + (43 - 24)).
-11
What is the value of -418 + 380 + 4 + 0?
-34
What is -15 + 1 + (-15 - -20)?
-9
-9 + (-10 - -12) - -2
-5
-29 + 45 + (-2 - (0 - -4))
10
(3 - 27) + 29 + 15 + 1 + 2
23
Evaluate (0 - -1) + (-3 + (-2 - -4) - 4).
-4
Calculate (8 - -14) + -26 + 14 + -38 + 0.
-28
What is 12 + (-11 - -13 - 3) - (21 - -1)?
-11
What is 4 - (16 + 10 - 10)?
-12
Evaluate 3 - (-21 - (-2 + -9)).
13
What is -6 + -5 + (-8 - (-3 - 23))?
7
What is the value of -8 + (8 - -2 - 15) + 37 - 3?
21
Calculate (1 - (0 + (-7 - -1))) + (-7 - -3).
3
What is the value of 17 + -20 + 7 + -1 + -5 - 3?
-5
-23 + -1 + (25 + (-67 - -20) - -30)
-16
What is -6 - (-30 + 20) - -13?
17
Calculate -12 + 23 + -16 + 19.
14
Calculate 9 - (-9 - -28 - 1).
-9
What is the value of (22 - (1 - 2)) + (-15 - -9)?
17
Evaluate 58 + -63 - (2 + -3 + -10).
6
(14 - -1) + -172 + 142 - (-4 + 0)
-11
(8 - (-7 + 1 - -36)) + 6
-16
Calculate -17 - (-30 + 19 + -32).
26
-30 + 0 + 190 + -168
-8
Evaluate (1 + -2 - (-7 + (7 - -3))) + 4.
0
What is -23 + (8 - (4 + -6 + 2)) - -5?
-10
Evaluate -7 + 9 + 2 + 7 + -6 + -5.
0
1 + -5 - (-4 + (-6 - -3) + 12)
-9
What is (-17 - (-1 + -10)) + 13?
7
Evaluate -2 + (-2 + -4 - (-101 - -98)).
-5
What is the value of (1 - -4) + (-47 - -36)?
-6
What is the value of 4 + 4 + (-11 - (-8 - 32))?
37
1 - -8 - (19 + -4 + -19)
13
-4 - (11 + (4 - 32))
13
Calculate (-46 - (4 - 18)) + 25.
-7
4 + -21 + (32 - 16)
-1
What is 15 + (-6 - 17 - -11) + 3?
6
8 - (8 + (4 - (3 - -8) - -4))
3
Evaluate -13 - (1 + -7 + (-28 - -32)).
-11
What is the value of (1 - 8) + (-576 - -589)?
6
5 + (-6 - -5) + -13 + -7
-16
(-14 - ((6 - 11) + 17)) + 18
-8
What is 4 + (-8 - -14) + -15 - (4 + 0)?
-9
What is the value of (-1 - -6 - 1) + -1 + (16 - 23)?
-4
Evaluate -17 - (1 - 21) - (6 - 12).
9
What is the value of -6 - ((1 - 2) + 1) - (1539 - 1542)?
-3
Calculate 14 - 16 - (-4 + 0 - (3 + -1)).
4
Calculate -3 + 21 + -6 + -11.
1
-212 - -209 - (10 - (-1 - 0))
-14
(-8 - (2 + 2 + (14 - 22))) + 11
7
1322 - 1350 - (-3 - 0)
-25
Calculate (25 + -4 - (1 + -3)) + -12 - -9.
20
Calculate -1 - (71 + -69 + (-10 - 0)).
7
Calculate (-3 - 14) + -5 + 21.
-1
Calculate (10 - 7) + -6 - (-4 + 2).
-1
Evaluate -22 + 7 + -3 - -29.
11
1 + 5 + (32 - 26)
12
-31 + 33 + 0 + -1 + (-4 - 1)
-4
Calculate 14 + (7 - (14 - (-2 + 5))).
10
(91 - 90) + 2 + (2 + -5 - 11)
-11
Evaluate -8 - (9 + (2 - 8 - (-13 - -19))).
-5
Calculate 3 - (7 - 1 - 5 - (0 + 1)).
3
What is the value of 10 + -14 + 3 + 4 - (3 - 5)?
5
6 + 5 + -4 + 6 + -6 + 8
15
Calculate (6 - -1) + 4 + -2 + 26 + -12.
23
What is 7 - 4 - ((-8 - -6 - -2) + 1)?
2
What is 28 - 20 - (6 - 7)?
9
What is 15 + 1 - 34 - -39?
21
Evaluate -2 - 5 - (-1 + -1 + 0 - 9).
4
Calculate (-5 + 8 - 1) + (3 - 2).
3
What is the value of 14 + 20 + -33 + -1 + 3 + 3?
6
Calculate -1674 + 1683 + (-21 - 0).
-12
5 + 26 + -49 - -25
7
Calculate 3343 + -3331 - ((-1 - -3) + (0 - 2)).
12
Evaluate 17 - -1 - (3 - -15 - 5).
5
What is the value of (-11 - 11 - -12) + 10?
0
Evaluate -19 - (-14 - (16 - -3)).
14
What is 5 + (119 - 119) + (0 - -4) - -2?
11
What is (3 - (-4 + 6)) + -18?
-17
Evaluate 25 + (-48 - 18) + 7.
-34
Calculate 2 + (-8 + 12 + -9 - 9).
-12
Evaluate -46 + 50 + (-5 - (4 - 1)).
-4
What is -1 + -11 + -452 + 458 - (0 + -35)?
29
What is -36 - (-26 - (-15 + 0)) - (4 - 12)?
-17
Calculate -108 + 137 + (2 - 17).
14
Calculate -18 - (6 + -17 + 11 + -7).
-11
What is (12 - (2 - 0)) + -7?
3
What is the value of (43 - (75 - 21)) + (15 - 2) + -1?
1
Evaluate -10 + -18 + (-11 - -2) + 15.
-22
What is (-4 + 5 - 0) + -3 - -4?
2
-459 + 432 - (2 - 41)
12
What is 1843 + -1843 + -1 + -2?
-3
Calculate 26 + -5 + -24 - -9.
6
Evaluate -3 + 7 + -21 + 17 + 1 + -7.
-6
Calculate 2 - ((-5 - 1) + (15 - 24) + 14).
3
-1 + -4 + -1 + 1 + 8
3
What is the value of 2 + -1 + -4 + 5 + (-9 - -5)?
-2
What is the value of (0 - -2) + (5 - 4) - -1?
4
-10 - (7 - ((-1 - 3) + 12 + -1))
-10
What is the value of 11 + 9 + 5 + -13 + -2 + 1?
11
What is (35 - 35) + (-1 - (-6 + 0))?
5
What is the value of (-2 - (1 - 1)) + 5 + (-13 - -15)?
5
What is 1 + 3 + -1 + -12 + 15 + -3?
3
Evaluate -10 - 0 - (-22 + 11).
1
What is the value of -37 - -24 - 1 - (1 + -3)?
-12
-42 - 14 - -43 - (-3 - -1)
-11
What is (9 - (0 + 11)) + -3?
-5
3 - (11 - (-1 + 8))
-1
Calculate -24 + 33 + -13 + (-6 - 5).
-15
What is the value of -5 + (12 + -13 - 0)?
-6
Calculate 447 + -423 - (0 + 44).
-20
Evaluate -34 - (21 + -42) - -15.
2
Evaluate -22 - -1 - ((-5 - (-10 + 4)) + -5).
-17
What is -13 + -1 - -12 - 5?
-7
Calculate 2 + 9 + -8 + (4 - -3).
10
Calculate 0 + 5 + (12 - 9) + (-12 - 1).
-5
Evaluate (8 - 0 - -26) + 5 + -18.
21
5 + (3 - 1 - 4)
3
What is the value of -16 + 4 - (66 - 77) - 1?
-2
Evaluate -9 + (12 - (0 + 8)).
-5
Evaluate -3 + 2 + -2 - ((6 - 18) + 14).
-5
0 - 8 - ((3 - 9) + -9)
7
What is 6 - 0 - -3 - -4 - 8?
5
Evaluate -1 + -9 + -23 + 4 + -28 + 46.
-11
6 + -21 - (-1 + -7)
-7
Evaluate -25 - ((1 - -2) + -19).
-9
Calculate -7 + (-3 - (-17 + 3 - -9)).
-5
-12 + (1 - 15) + 2
-24
Calculate -1 - ((-5 - 0) + 1 + 8 - 3).
-2
1 - (-8 + 7 + (-3 - -3 - -9))
-7
What is -5 + 7 + -24 + 49?
27
Calculate (-26 - (-46 - 2)) + 13.
35
What is the value of -56 - -51 - (2 - (9 - 0))?
2
Evaluate -6 + (68 - 19 - 14).
29
What is (-54 - (-15 - -4)) + 19?
-24
Evaluate (-2 - -18 - (81 - 81)) + -25.
-9
Calculate 10 + -5 + -34 - (15 - (20 + -3)).
-27
Calculate -20 + (20 - (-41 - -18)).
23
12 + -27 + 8 + 10
3
What is the value of 7 + (9 + -20 - -5) + 12?
13
Calculate 0 + -10 + (31 - 30) - (10 - 1).
-18
Evaluate (1 + -1 - -2) + -3 + 9 + -19.
-11
What is -1 + 23 + -29 + (-4 - -15)?
4
Evaluate -5 + (-3 - 2 - 13) - -11.
-12
Evaluate 4 + 9 + -18 - -14.
9
(-25 - -9) + 6 + 7
-3
What is 109 - 153 - (6 - 44)?
-6
What is the value of -20 + (5 - -10) - -10?
5
What is the value of -19 - (-3 + 1) - (-8 - (-35 + 31))?
-13
(6 - -17) + -35 + (4 - -1)
-7
-9 + 9 + -7 - (-10 + -9 + -12)
24
What is -7 - ((3 - 5) + -11)?
6
Evaluate -32 - (-5 + (-1 - (-3 + -1 + 2))).
-28
-1 - ((-5 - -26) + -7 + -1 + -6)
-8
What is the value of 1 + -4 - (8 - -10)?
-21
What is the value of 0 - (6 - 8 - -5)?
-3
29 - (19 - (-25 + -14))
-29
What is the value of -31 + 25 + 1 + 7 - -2?
4
-2 + (14 - (11 - (11 - 4)))
8
Calculate (0 - 7 - 1) + -16 - (-7 - -2).
-19
What is (-12 - (4 - 8)) + (-22 - -42)?
12
What is 107 + -106 - (0 + (2 - 3) + -5)?
7
What is 3 + 13 - 3 - (14 + -4 + -5)?
8
Evaluate (9 + -4 - (18 + 7)) + 8.
-12
Calculate (17 - 29) + -6 + 14.
-4
Calculate (1 - -21) + (-10 - -12) + -2 + 6.
28
Evaluate (-12 - -16 - -17) + -12 - -4.
13
4 + 4 - (25 + (0 - 2) + -6)
-9
Evaluate 10 - (4 - ((2 - -17) + -9)).
16
What is (0 - 5) + (9 - ((-18 - -38) + 5))?
-21
1 + 3 + 23 + -29 + 9 - 33
-26
-4 + -8 + 1 + 19
8
Calculate (5 - 2) + 2 + (-5 - (1 + 8)).
-9
What is the value of -8 + -48 + 19 + 19?
-18
(-2 - (5 + -1)) + -9 + 4 + 26
15
Calculate (10 - (12 - -5)) + (0 + 1 - -3).
-3
236 + -246 + -2 + (24 - 2)
10
Evaluate (22 - 6 - 11) + -2 + -5.
-2
What is 15 + (5 - 10) + -15?
-5
((-12 - -3) + 8 - -6) + -6
-1
1 - ((11 - -6) + -7)
-9
Calculate (1 - (-1 - -24)) + 23.
1
What is the value of 0 - 4 - (-9 + 11 + 4 + -6)?
-4
What is (33 - 57) + 35 + 1 + -25?
-13
Evaluate -1 + -5 - ((17 - 7) + 1).
-17
1 - 2 - (-6 - ((-9 - -13) + -4))
5
Calculate (-2 - 2) + (16 - (13 + 9)).
-10
What is -11 + (-8 - (-7 - 3)) - (-5 + 2)?
-6
Calculate -9 + 14 + -6 - 5 - 8.
-14
(-11 - (18 - 20)) + 4
-5
What is (-1 - (-5 + 7) - 13) + 2 - 0?
-14
What is -6 + 17 + (12 - 12)?
11
What is -5 + 5 + (61 + -21 - (3 - -1))?
36
What is -71 - -90 - (8 + 0) - 27?
-16
Evaluate -10 - (-17 + 46) - -73.
34
Evaluate -21 - -6 - (-22 + 16).
-9
What is the value of 33 - (15 - 17) - 48?
-13
What is -28 - (-23 + -15) - 2?
8
What is the value of -17 + (-13 + 1 - (-107 - -88)) - -49?
39
Evaluate (37 - (-11 + 26)) + -23.
-1
Calculate -5 + 9 + 4 + -22.
-14
What is the value of (8 - -37) + 2 + -25?
22
What is -41 - (-24 + -34 + 23)?
-6
Calculate -5 - (-11 + 8 + -6 + 5) - 0.
-1
What is (17 - 1) + (28 - 41)?
3
Evaluate -7 - -13 - (-1 + -4 + 1).
10
What is the value of 31 - (29 + 26 - 26)?
2
What is 9 + (-3 - -8 - -12 - (-12 + 19))?
19
